157, 23333
What are the prime factors of 95629173?
3, 31876391
What are the prime factors of 812169508?
2, 203042377
List the prime factors of 98783810.
2, 5, 9878381
List the prime factors of 163873699.
11, 1453, 10253
What are the prime factors of 70494919?
11, 563, 11383
List the prime factors of 4045227948.
2, 3, 23, 4885541
List the prime factors of 48128657.
48128657
What are the prime factors of 177455164?
2, 44363791
List the prime factors of 125761739.
53, 44771
List the prime factors of 6000151190.
2, 5, 11, 17, 503, 6379
What are the prime factors of 707941391?
421, 1681571
What are the prime factors of 30396744?
2, 3, 7, 41, 1471
What are the prime factors of 848316182?
2, 7, 60594013
List the prime factors of 769045791.
3, 256348597
List the prime factors of 1726666467.
3, 29, 19846741
List the prime factors of 498506166.
2, 3, 4789, 5783
List the prime factors of 11154108.
2, 3, 7, 17, 73, 107
List the prime factors of 1841146481.
23, 80049847
List the prime factors of 1126059296.
2, 35189353
What are the prime factors of 115815021?
3, 7, 5515001
What are the prime factors of 18584618?
2, 13, 97, 7369
What are the prime factors of 653617245?
3, 5, 181, 240743
What are the prime factors of 66090182?
2, 33045091
What are the prime factors of 140107246?
2, 1861, 37643
What are the prime factors of 2613413614?
2, 7, 59, 353, 8963
What are the prime factors of 18709668?
2, 3, 519713
What are the prime factors of 4923815267?
7, 491, 1432591
What are the prime factors of 476741084?
2, 19, 2459, 2551
List the prime factors of 291226736.
2, 23, 791377
List the prime factors of 93423945.
3, 5, 6228263
List the prime factors of 541533029.
541533029
What are the prime factors of 4137888443?
13, 67, 365441
What are the prime factors of 3631861164?
2, 3, 17, 103, 127, 1361
List the prime factors of 4602511413.
3, 2377, 215141
What are the prime factors of 2468947223?
19753, 124991
What are the prime factors of 17173608?
2, 3, 715567
What are the prime factors of 84616504?
2, 7, 149, 10141
List the prime factors of 64886816.
2, 2027713
List the prime factors of 3124492469.
7, 101, 4419367
What are the prime factors of 875584807?
41, 757, 28211
List the prime factors of 348430245.
3, 5, 227, 102329
List the prime factors of 2511476121.
3, 7, 11, 37, 26713
List the prime factors of 1135903119.
3, 13, 107, 272203
List the prime factors of 64631716.
2, 16157929
List the prime factors of 21052856.
2, 11, 239237
What are the prime factors of 134323864?
2, 23, 730021
What are the prime factors of 4110370764?
2, 3, 12487, 27431
List the prime factors of 8760539.
19, 23, 20047
What are the prime factors of 63125029?
11, 17, 79, 4273
List the prime factors of 59550054.
2, 3, 877, 11317
List the prime factors of 8031559.
139, 57781
List the prime factors of 227466642.
2, 3, 13, 23, 103, 1231
List the prime factors of 2630235922.
2, 241, 5456921
What are the prime factors of 56407222?
2, 28203611
List the prime factors of 50670461.
31, 1634531
List the prime factors of 704659313.
29, 97, 250501
What are the prime factors of 299263035?
3, 5, 29, 687961
What are the prime factors of 154114350?
2, 3, 5, 13, 17, 4649
What are the prime factors of 6707622511?
1999, 3355489
What are the prime factors of 5014421630?
2, 5, 501442163
List the prime factors of 92434375.
5, 11, 2689
What are the prime factors of 256311676?
2, 2903, 22073
What are the prime factors of 1037358423?
3, 103, 1119049
What are the prime factors of 3501151032?
2, 3, 1033, 141221
List the prime factors of 3195051295.
5, 639010259
List the prime factors of 261779166.
2, 3, 11, 1322117
List the prime factors of 293266202.
2, 193, 759757
What are the prime factors of 638616405?
3, 5, 7, 6082061
What are the prime factors of 2731408597?
173, 2371, 6659
List the prime factors of 615515408.
2, 38469713
What are the prime factors of 677354875?
5, 251, 21589
What are the prime factors of 91577269?
7, 53, 246839
List the prime factors of 463236143.
463236143
What are the prime factors of 111623924?
2, 4933, 5657
List the prime factors of 146758210.
2, 5, 14675821
List the prime factors of 3791466259.
7, 17, 257, 123973
What are the prime factors of 23994469?
101, 353, 673
List the prime factors of 4242014728.
2, 7, 75750263
What are the prime factors of 893028318?
2, 3, 7, 13, 1635583
List the prime factors of 115308218.
2, 57654109
What are the prime factors of 366769972?
2, 91692493
List the prime factors of 68852618.
2, 17, 19, 53, 2011
List the prime factors of 173432726.
2, 47, 1845029
List the prime factors of 248939112.
2, 3, 79, 131297
List the prime factors of 69037636.
2, 17259409
List the prime factors of 11611091.
11611091
What are the prime factors of 214706463?
3, 41, 1745581
List the prime factors of 240288419.
7, 34326917
What are the prime factors of 87797752?
2, 7, 313, 5009
What are the prime factors of 3338406300?
2, 3, 5, 23, 483827
List the prime factors of 1090335178.
2, 19, 2153, 13327
What are the prime factors of 328445903?
328445903
List the prime factors of 1258911130.
2, 5, 167, 753839
List the prime factors of 226576520.
2, 5, 19, 31, 59, 163
What are the prime factors of 19918415?
5, 11, 41, 73
What are the prime factors of 362555779?
269, 1347791
What are the prime factors of 106622052?
2, 3, 8885171
What are the prime factors of 5145061361?
11, 29, 79, 204161
What are the prime factors of 1571262386?
2, 5087, 154439
List the prime factors of 1403840533.
41, 34240013
What are the prime factors of 490064272?
2, 29, 1056173
List the prime factors of 104126750.
2, 5, 7, 13, 23, 199
What are the prime factors of 1055814988?
2, 17, 31, 500861
What are the prime factors of 909920540?
2, 5, 103, 487, 907
What are the prime factors of 123661060?
2, 5, 17, 149, 2441
List the prime factors of 3304144456.
2, 413018057
What are the prime factors of 1972135003?
59, 33426017
What are the prime factors of 4702338891?
3, 23, 2347, 9679
What are the prime factors of 187200406?
2, 2341, 39983
List the prime factors of 6248297758.
2, 3124148879
What are the prime factors of 594368872?
2, 61, 277, 4397
What are the prime factors of 101367563?
11, 9215233
List the prime factors of 220752602.
2, 7, 19, 739, 1123
What are the prime factors of 1398339338?
2, 11, 63560879
List the prime factors of 46545314.
2, 23272657
List the prime factors of 13471452.
2, 3, 41, 9127
What are the prime factors of 49449992?
2, 6181249
List the prime factors of 800884712.
2, 311, 373, 863
What are the prime factors of 18646121?
13, 257, 5581
What are the prime factors of 1196885778?
2, 3, 11, 149873
What are the prime factors of 34886091?
3, 17, 137, 4993
What are the prime factors of 3414587509?
3414587509
What are the prime factors of 444304280?
2, 5, 7, 73, 21737
List the prime factors of 73494405.
3, 5, 544403
What are the prime factors of 42561957?
3, 19, 61, 12241
List the prime factors of 98916254.
2, 43, 67, 17167
What are the prime factors of 2176244261?
193, 509, 22153
What are the prime factors of 25479988?
2, 19, 89, 3767
List the prime factors of 254862227.
5153, 49459
List the prime factors of 166292236.
2, 11, 343579
What are the prime factors of 542782940?
2, 5, 7, 109, 35569
What are the prime factors of 835697887?
835697887
What are the prime factors of 122932256?
2, 157, 24469
What are the prime factors of 2258412330?
2, 3, 5, 75280411
List the prime factors of 1047127727.
139, 7533293
What are the prime factors of 1414845800?
2, 5, 223, 31723
List the prime factors of 162716013.
3, 29, 207811
What are the prime factors of 11682089?
41, 499, 571
What are the prime factors of 3434915844?
2, 3, 95414329
List the prime factors of 1901290563.
3, 1427, 5483
What are the prime factors of 46459466?
2, 23229733
What are the prime factors of 1692457623?
3, 19, 73, 135581
What are the prime factors of 1874669160?
2, 3, 5, 7, 13, 171673
List the prime factors of 2389331054.
2, 11, 19, 29, 53, 3719
What are the prime factors of 128519748?
2, 3, 7, 41, 1777
What are the prime factors of 171210483?
3, 271, 23399
What are the prime factors of 144848986?
2, 23, 409, 7699
List the prime factors of 3143358789.
3, 71, 14757553
List the prime factors of 132450121.
19, 37, 188407
What are the prime factors o